3?
4523
List the prime factors of 91166.
2, 79, 577
What are the prime factors of 8083?
59, 137
List the prime factors of 492.
2, 3, 41
List the prime factors of 5483.
5483
List the prime factors of 1036.
2, 7, 37
What are the prime factors of 158?
2, 79
What are the prime factors of 3410?
2, 5, 11, 31
List the prime factors of 110443.
179, 617
What are the prime factors of 233?
233
List the prime factors of 4033.
37, 109
List the prime factors of 11562.
2, 3, 41, 47
What are the prime factors of 730?
2, 5, 73
What are the prime factors of 1021?
1021
What are the prime factors of 45125?
5, 19
List the prime factors of 465.
3, 5, 31
List the prime factors of 1663.
1663
List the prime factors of 1267.
7, 181
List the prime factors of 32625.
3, 5, 29
List the prime factors of 5746.
2, 13, 17
List the prime factors of 170.
2, 5, 17
List the prime factors of 151.
151
What are the prime factors of 16621?
11, 1511
List the prime factors of 4880.
2, 5, 61
What are the prime factors of 58015?
5, 41, 283
What are the prime factors of 72765?
3, 5, 7, 11
What are the prime factors of 760?
2, 5, 19
What are the prime factors of 5560?
2, 5, 139
What are the prime factors of 12931?
67, 193
List the prime factors of 3397.
43, 79
What are the prime factors of 25732?
2, 7, 919
What are the prime factors of 787?
787
What are the prime factors of 35668?
2, 37, 241
What are the prime factors of 24201?
3, 2689
What are the prime factors of 5054?
2, 7, 19
What are the prime factors of 1343?
17, 79
List the prime factors of 112012.
2, 41, 683
What are the prime factors of 711?
3, 79
What are the prime factors of 1338?
2, 3, 223
What are the prime factors of 41425?
5, 1657
What are the prime factors of 873?
3, 97
What are the prime factors of 768?
2, 3
List the prime factors of 590.
2, 5, 59
List the prime factors of 79983.
3, 8887
List the prime factors of 7163.
13, 19, 29
What are the prime factors of 10694?
2, 5347
What are the prime factors of 947?
947
What are the prime factors of 4135?
5, 827
List the prime factors of 4791.
3, 1597
What are the prime factors of 1396?
2, 349
List the prime factors of 888.
2, 3, 37
What are the prime factors of 503?
503
What are the prime factors of 75?
3, 5
List the prime factors of 4152.
2, 3, 173
What are the prime factors of 1615?
5, 17, 19
List the prime factors of 15393.
3, 7, 733
List the prime factors of 5591.
5591
What are the prime factors of 195?
3, 5, 13
What are the prime factors of 1252?
2, 313
What are the prime factors of 7774?
2, 13, 23
List the prime factors of 463.
463
List the prime factors of 571.
571
What are the prime factors of 14?
2, 7
List the prime factors of 33570.
2, 3, 5, 373
What are the prime factors of 328?
2, 41
List the prime factors of 41679.
3, 11, 421
List the prime factors of 2902.
2, 1451
List the prime factors of 1262.
2, 631
What are the prime factors of 606?
2, 3, 101
What are the prime factors of 123804?
2, 3, 19, 181
List the prime factors of 24711.
3, 8237
What are the prime factors of 47860?
2, 5, 2393
List the prime factors of 6145.
5, 1229
What are the prime factors of 141730?
2, 5, 14173
What are the prime factors of 6411?
3, 2137
What are the prime factors of 43992?
2, 3, 13, 47
What are the prime factors of 779?
19, 41
What are the prime factors of 33567?
3, 67, 167
List the prime factors of 12974.
2, 13, 499
What are the prime factors of 18888?
2, 3, 787
What are the prime factors of 2902?
2, 1451
What are the prime factors of 4074?
2, 3, 7, 97
List the prime factors of 39575.
5, 1583
What are the prime factors of 13784?
2, 1723
What are the prime factors of 26037?
3, 11, 263
List the prime factors of 5273.
5273
What are the prime factors of 581?
7, 83
What are the prime factors of 4298?
2, 7, 307
List the prime factors of 63619.
113, 563
List the prime factors of 10940.
2, 5, 547
List the prime factors of 1800.
2, 3, 5
List the prime factors of 17255.
5, 7, 17, 29
What are the prime factors of 20434?
2, 17, 601
What are the prime factors of 504?
2, 3, 7
What are the prime factors of 28920?
2, 3, 5, 241
List the prime factors of 1527.
3, 509
What are the prime factors of 14834?
2, 7417
List the prime factors of 2454.
2, 3, 409
List the prime factors of 326.
2, 163
What are the prime factors of 2642?
2, 1321
List the prime factors of 3455.
5, 691
List the prime factors of 1147.
31, 37
What are the prime factors of 9710?
2, 5, 971
What are the prime factors of 56367?
3, 6263
List the prime factors of 85448.
2, 11, 971
List the prime factors of 30722.
2, 15361
List the prime factors of 1358.
2, 7, 97
List the prime factors of 22628.
2, 5657
List the prime factors of 2131.
2131
What are the prime factors of 921?
3, 307
List the prime factors of 10904.
2, 29, 47
What are the prime factors of 72720?
2, 3, 5, 101
List the prime factors of 7605.
3, 5, 13
What are the prime factors of 38954?
2, 19477
What are the prime factors of 1303?
1303
List the prime factors of 2825.
5, 113
What are the prime factors of 9586?
2, 4793
What are the prime factors of 47106?
2, 3, 2617
What are the prime factors of 2438?
2, 23, 53
What are the prime factors of 21374?
2, 10687
List the prime factors of 4689.
3, 521
What are the prime factors of 71?
71
List the prime factors of 15458.
2, 59, 131
What are the prime factors of 1299?
3, 433
List the prime factors of 3357.
3, 373
List the prime factors of 14299.
79, 181
What are the prime factors of 27413?
79, 347
List the prime factors of 1960.
2, 5, 7
What are the prime factors of 697?
17, 41
List the prime factors of 3364.
2, 29
List the prime factors of 1985.
5, 397
What are the prime factors of 10641?
3, 3547
What are the prime factors of 8238?
2, 3, 1373
What are the prime factors of 792?
2, 3, 11
What are the prime factors of 4865?
5, 7, 139
What are the prime factors of 7756?
2, 7, 277
What are the prime factors of 146310?
2, 3, 5, 4877
What are the prime factors of 505?
5, 101
What are the prime factors of 347?
347
What are the prime factors of 21822?
2, 3, 3637
What are the prime factors of 6256?
2, 17, 23
List the prime factors of 1950.
2, 3, 5, 13
What are the prime factors of 911?
911
List the prime factors of 603.
3, 67
List the prime factors of 1335.
3, 5, 89
What are the prime factors of 94288?
2, 71, 83
List the prime factors of 1249.
1249
List the prime factors of 32252.
2, 11, 733
List the prime factors of 958.
2, 479
List the prime factors of 3469.
3469
What are the prime factors of 43220?
2, 5, 2161
What are the prime factors of 7110?
2, 3, 5, 79
What are the prime factors of 14189?
7, 2027
List the prime factors of 114625.
5, 7, 131
List the prime factors of 8489.
13, 653
What are the prime factors of 6948?
2, 3, 193
List the prime factors of 3052.
2, 7, 109
What are the prime factors of 84?
2, 3, 7
List the prime factors of 44089.
44089
List the prime factors of 1406.
2, 19, 37
What are the prime factors of 6957?
3, 773
What are the prime factors of 1048?
2, 131
What are the prime factors of 33004?
2, 37, 223
What are the prime factors of 39148?
2, 9787
What are the prime factors of 493?
17, 29
List the prime factors of 12629.
73, 173
What are the prime factors of 15530?
2, 5, 1553
List the prime factors of 54596.
2, 13649
What are the prime factors of 395?
5, 79
List the prime factors of 68233.
11, 6203
List the prime factors of 30299.
41, 739
What are the prime factors of 1029?
3, 7
What are the prime factors of 3995?
5, 17, 47
List the prime factors of 934.
2, 467
What are the prime factors of 13107?
3, 17, 257
List the prime factors of 19391.
19391
What are the prime factors of 2635?
5, 17, 31
What are the prime factors of 397?
397
List the prime factors of 2044.
2, 7, 73
What are the prime factors of 25044?
2, 3, 2087
List the prime factors of 40125.
3, 5, 107
List the prime factors of 645.
3, 5, 43
What are the prime factors of 93318?
2, 3, 103, 151
List the prime factors of 454.
2, 227
What are the prime factors of 413?
7, 59
List the prime factors of 39.
3, 13
What are the prime factors of 1119?
3, 373
What are the prime factors of 15117?
3, 5039
List the prime factors of 1007.
19, 53
What are the prime factors of 7535?
5, 11, 137
List the prime factors of 5057.
13, 389
What are the prime factors of 28662?
2, 3, 17, 281
List